e -296 = 4*x + 2*z - 1180, -661 = -3*x - z. List the prime factors of x.
3, 73
Let o(p) = 175*p - 4. What are the prime factors of o(1)?
3, 19
Suppose -3*d = -2*f - 5*d, 5*f - 2*d = 35. Suppose u - a + f*a - 19 = 0, a = 2*u - 2. List the prime factors of u.
3
Let m(c) = 2*c + 1. Suppose 2*s - 4*a = 26, 58 = 2*s + 3*s - 3*a. List the prime factors of m(s).
23
Suppose -4*z = 5*d - 25, 4*z - 2 = 4*d + 14. Suppose 114 = z*y - 26. List the prime factors of y.
2, 7
Let k be 12/7 + 4/14. Suppose k*q - 5*q = 0. Suppose -2*j - j + 4*a + 1 = 0, j - 2*a + 1 = q. What are the prime factors of j?
3
Let v = 6 + -4. Suppose -3*g - a = -v*a - 32, -2*g = -a - 21. List the prime factors of g.
11
Let d(k) = k + 12. Let l be d(-9). Suppose l*p + 47 = 149. List the prime factors of p.
2, 17
Let n = -1 - -17. What are the prime factors of n?
2
Suppose 115 + 357 = 8*d. List the prime factors of d.
59
Suppose -q - 159 = -3*s - 0*s, 0 = 3*s - 2*q - 162. Suppose -3*v - 1 = -s. Let x = v + -12. List the prime factors of x.
5
Suppose -2*n = -4*n + 148. Suppose -5*p + 1 = -n. List the prime factors of p.
3, 5
Let w(v) be the third derivative of -v**6/180 + v**5/60 - v**4/24 - 2*v**2. Let u(t) be the second derivative of w(t). What are the prime factors of u(-2)?
2, 5
Suppose -6*j + 22 = -j - 4*k, -j - 5*k + 16 = 0. List the prime factors of j.
2, 3
Let n(q) = 27*q**2 - q + 1. Let z be 3/7 + 12/21. What are the prime factors of n(z)?
3
Let y = 0 + -6. Let q(w) be the third derivative of -w**4/24 + w**3/2 - 6*w**2. What are the prime factors of q(y)?
3
Suppose -5*v = 7 - 32. List the prime factors of v.
5
Let f = 15 + -11. Let k = 12 - f. What are the prime factors of k?
2
List the prime factors of 34/8 - 4/16.
2
Suppose -v + 7 = -4*q, 4*v = 5*q + 24 - 7. Suppose -v*l + 6 = -l. Suppose 3*n = 0, 0 = p + p - l*n - 6. List the prime factors of p.
3
Let j = 176 - -51. What are the prime factors of j?
227
Let t = 5 - 3. List the prime factors of t/(-8) - (-185)/20.
3
What are the prime factors of 0 + 4 + 2 + 94?
2, 5
Let u be (-2 + 0)*12/2. Let s = u + 27. What are the prime factors of s?
3, 5
Let q(w) = w**2 + 11*w - 5. Let m be q(-10). Let c = m + 40. What are the prime factors of c?
5
Let p = 24 + -10. Let j be -2 - (2 - (p + 2)). Suppose 6*o = 2*o + j. List the prime factors of o.
3
Suppose -4*u = 2*j - 3 - 3, 3*j = -3. Suppose 1 = -u*m + 17. Let o = 14 - m. List the prime factors of o.
2, 3
Let c(q) = -q**3 + 5*q**2 + 7*q - 5. Let b be c(5). Let m = 43 - b. What are the prime factors of m?
13
Let o = 23 + -9. List the prime factors of o.
2, 7
Let v(b) = b**3 + 6*b**2 + 7*b + 4. Let s be v(-5). Let h = 20 + s. List the prime factors of h.
2, 7
Suppose -4*k = -3*i - 2*k + 367, -3*k + 262 = 2*i. List the prime factors of i.
5
Suppose -5 = -3*j - 2*w, -3*w - 3 = j - 0*w. Suppose 3*a = -12, -j*s + 28 = s - 4*a. What are the prime factors of s?
3
Let l(w) = 3*w + 20. Let a be l(-10). What are the prime factors of 1 - -1 - (a + -18)?
2, 3, 5
Let a(i) = -i**2 + 2*i - 4. Let y be a(3). Let u be (-26)/y - 4/(-14). Suppose 0 = u*n - 17 + 5. List the prime factors of n.
3
What are the prime factors of (-2222)/(-10) - (18/15 + -1)?
2, 3, 37
Let l = 38 - 17. List the prime factors of l.
3, 7
Let j = 24 - 28. What are the prime factors of (j - -3)/(3/(-15))?
5
Let d = 291 - 124. List the prime factors of d.
167
Suppose t + 2 = 7. Suppose -4*r + 8 - 67 = -t*a, -2*r = 3*a - 31. List the prime factors of a.
11
Let p be (6 - 2)/((-4)/(-6)). Let x be (-3)/2*(-28)/p. Suppose 0 = -5*c + 28 + x. What are the prime factors of c?
7
What are the prime factors of 0/(-2 + -1) + 30?
2, 3, 5
Let f(l) = l - 5. Let a be (-12)/66 + 57/11. Let b be f(a). Suppose -3*c - 2*c - 2*g = -24, b = 5*c + 5*g - 15. List the prime factors of c.
2, 3
Suppose 0 = -5*x + 4*l + 24, 2*x = 3*l + 2*l + 13. Suppose -x*w + 14 = -2*a - 2, -w + a = -4. What are the prime factors of w?
2
Let b(a) be the third derivative of -a**5/60 - 7*a**4/24 - a**3/3 - 3*a**2. What are the prime factors of b(-6)?
2
Let n(f) = 2*f**2 - 2*f + 3. Let j = 4 - 1. Let y be n(j). Suppose -d + y = 2*d. List the prime factors of d.
5
Suppose 5*p = 4*j - 224, -2*p = -2*j + 2*p + 106. List the prime factors of j.
61
Let s(d) = -3*d + 7. Let h = 11 + -15. List the prime factors of s(h).
19
Suppose -5*l + 3*l = 3*z - 303, 4*l = 3*z - 321. What are the prime factors of z?
103
Let b(m) = -4*m**3 + 2*m**2 + 2*m + 1. Let d be b(-1). Suppose 3*f - d*f - 31 = -5*x, -3*x + 4*f = -27. List the prime factors of x.
5
List the prime factors of 12/48 - (859/(-4) - 1).
2, 3
Suppose u - 90 = -4*u. Suppose -2*h - h = -u. What are the prime factors of h?
2, 3
Let r = -218 + 570. What are the prime factors of r?
2, 11
Let c = -316 - -492. List the prime factors of c.
2, 11
Suppose 2*h = 3*h - 233. What are the prime factors of h?
233
Let y = 149 - -26. What are the prime factors of y?
5, 7
Suppose d - 5*b = 191, 0 = 4*d - 6*d - 4*b + 424. What are the prime factors of d?
2, 103
Let d(u) = -3*u**2 - u + 1. Let s be d(-2). What are the prime factors of 6/s - 123/(-9)?
13
Suppose -4*p = b - 1036, 4*b - 8*b - 16 = 0. What are the prime factors of p?
2, 5, 13
Suppose -6*t = 397 - 1219. What are the prime factors of t?
137
Let y(z) = z**3 + 6*z**2 - 5*z - 1. List the prime factors of y(-5).
7
Suppose 4*q + 1 = 2*g - 37, 0 = 4*q + 20. Let n = g + -5. Suppose -t + 11 = m, -n*m + 5 = m. List the prime factors of t.
2, 5
Let q(y) = -2*y - 1. Let g be q(1). Let z = g + 3. Suppose -2*n + 6 = -z*n. List the prime factors of n.
3
Let z = -14 - -173. What are the prime factors of z?
3, 53
Suppose 15 = 4*t - t. Suppose t*j - 3*d = -0*j + 52, -20 = -2*j + d. Suppose 0 = 2*f + 2*f - j. List the prime factors of f.
2
Suppose 5*a - 10 = -40. Let v be ((-4)/3)/(1/a). Let m = v + 4. What are the prime factors of m?
2, 3
Suppose 5*k = k - 24. What are the prime factors of ((-6)/(-8))/(k/(-24))?
3
Let f(i) = i**3 + i + 14. Let z be (-9)/3*1 + -5. Let q = z - -8. What are the prime factors of f(q)?
2, 7
Let p be (5/2)/((-2)/(-48)). Suppose 0 = 5*y - 3*u - 56, -2*u = 5*y - 7*u - p. List the prime factors of y.
2, 5
Let t be 3/(10/(-4) - -1). Let j = t + 0. What are the prime factors of 2 - -3 - (j + 1)?
2, 3
Let d(t) = 29*t**2 - 6*t - 2. List the prime factors of d(2).
2, 3, 17
Suppose 2*t + 20 = -4*s, 5*s + 4*t = -7 - 12. Let x(o) = o**3 + 6*o**2 - 10*o - 7. What are the prime factors of x(s)?
2, 7
List the prime factors of 0/2 - (-209 - 26).
5, 47
Let h(k) = -k**3 + 4*k**2 + 4*k - 1. Let s be h(4). Suppose 2*m + s = -5*b, b + 49 = -3*m - 6. List the prime factors of (1 - 6/4)*m.
2, 5
Let f(v) = 3*v**2 + 12*v + 15. Let i(x) = 2*x**2 + 6*x + 8. Let p(d) = 3*f(d) - 5*i(d). Let k be p(5). Suppose h + 4*h = k. What are the prime factors of h?
2
List the prime factors of 1529/9 - (-9)/81.
2, 5, 17
Let t be (5/(-3))/(3/(-9)). Suppose 40 = t*a - 4*p + p, -2*a + 5*p = -35. List the prime factors of a.
5
Let u be 3/12 - 66/8. Suppose -2*q + 94 = -5*y + q, 3*q + 59 = -4*y. Let c = u - y. List the prime factors of c.
3
Let y(u) = u**2 + 3. Let w(r) = r**3 + 4*r**2 + 5*r + 3. Let k(g) = g**3 + g**2 - g - 3. Let j be k(0). Let t be w(j). What are the prime factors of y(t)?
2, 3
Let l be (-12)/(-4)*10/(-3). Let k be 496/10 + (-4)/l. What are the prime factors of k/4*(-12)/(-15)?
2, 5
Let t be -3 + 3 + (166 - 0). Suppose -4*r - 31 = -p + 15, 2*r = -4*p + t. List the prime factors of p.
2, 3, 7
Let s = 10 - 4. Suppose s*x - 4*x - 12 = 0. What are the prime factors of x?
2, 3
Let c(u) be the second derivative of 0 - 1/20*u**5 + 1/3*u**4 + 0*u**3 - u + u**2. List the prime factors of c(3).
11
Suppose -38 = 4*v - 2*a, -2*v + 2*a = 12 + 6. Let g(j) = -j**2 - 14*j - 5. What are the prime factors of g(v)?
5, 7
Let t(l) = 8*l**2 - 3*l + 5. Let p be t(-4). Suppose -2*y + p = 3*y. List the prime factors of y.
29
Let c(n) = -5*n - 1. Suppose h + h = 8. Let t(i) = i**2 - 6*i + 6. Let y be t(h). List the prime factors of c(y).
3
Let v be (-3 - -3)/(1/(-1)). Suppose 5*n - 5 = 0, 2*y = -v*n - 5*n - 5. What are the prime factors of (-14)/4*(y - -3)?
7
Suppose 0*r - 4*g = 3*r - 41, g + 2 = r. Let w = r + -2. What are the prime factors of w?
5
Let p(c) = -c - 2. Let r be p(-8). What are the prime factors of 76/r - (-7)/21?
13